0, what is -2974599 - 0?
-2974599
In base 14, what is -16812 - -1a?
-167d6
In base 13, what is 2 + -6a1b2?
-6a1b0
In base 14, what is 2378 - -68?
2402
In base 12, what is -5 - 13a2a?
-13a33
In base 5, what is 111032423 - 10?
111032413
In base 8, what is -600 - 2061?
-2661
In base 14, what is 9 + -1820?
-1815
In base 7, what is -14 - 20444?
-20461
In base 9, what is -5848 - 27?
-5876
In base 8, what is 704 + -23463?
-22557
In base 11, what is 0 + 1aa82?
1aa82
In base 16, what is 22a + -1e5?
45
In base 12, what is -4 - 59734?
-59738
In base 6, what is 1532243 + 3?
1532250
In base 9, what is 477 - -225?
713
In base 12, what is -7 - 25499?
-254a4
In base 4, what is -3 - -331121100?
331121031
In base 2, what is 101 + 1101101010000?
1101101010101
In base 7, what is -1065 + -4662?
-6060
In base 12, what is -5 + -2038a?
-20393
In base 3, what is -10000211110 - 10?
-10000211120
In base 13, what is -333 + b6?
-24a
In base 15, what is a6 + 68b?
742
In base 5, what is -10 - 120010101?
-120010111
In base 12, what is -14 - 75973?
-75987
In base 3, what is -21000200 + -21212?
-21022112
In base 8, what is -16 + 12102?
12064
In base 13, what is -834 + 35?
-7cc
In base 10, what is -1 + -17566?
-17567
In base 7, what is 456 + -33523?
-33034
In base 3, what is -10112 - -222112?
212000
In base 13, what is 1c - -278?
297
In base 14, what is -186 - 16?
-19c
In base 2, what is -1111001 - -11101100011?
11011101010
In base 6, what is -1215412 - -1?
-1215411
In base 10, what is 43 - 1721?
-1678
In base 8, what is -262 + 152?
-110
In base 4, what is 32301112 - 1?
32301111
In base 10, what is -3 + -3301?
-3304
In base 10, what is 231 + 27?
258
In base 11, what is 0 - 10956?
-10956
In base 9, what is -6254850 - 1?
-6254851
In base 7, what is -113 + 560?
444
In base 7, what is 16 + -23121?
-23102
In base 15, what is 3d5 - -25?
40a
In base 6, what is 2 - -3330230?
3330232
In base 15, what is 6 - -1917a?
19181
In base 9, what is 113618 + 3?
113622
In base 16, what is -2 + 65306?
65304
In base 9, what is 10777 + 14?
10802
In base 6, what is 123113 + 4?
123121
In base 12, what is b + 1325?
1334
In base 15, what is 20 - 9a1?
-981
In base 6, what is 11 - -1235?
1250
In base 3, what is 2 - 11111122010?
-11111122001
In base 2, what is 1010101111 + -11101010001?
-10010100010
In base 12, what is -3 + a051b?
a0518
In base 2, what is -1011110001100 + -1?
-1011110001101
In base 15, what is 16a3 - 39?
1669
In base 8, what is -45 - -5356?
5311
In base 16, what is -7c06 + 6?
-7c00
In base 7, what is 3610 + 522?
4432
In base 3, what is 101 - 120221?
-120120
In base 13, what is 93 - 104?
-41
In base 7, what is -1 + 202253?
202252
In base 2, what is -1000000 - -100010000?
11010000
In base 8, what is -4 + -10144?
-10150
In base 3, what is 0 + 2111220221?
2111220221
In base 5, what is -10 + 2110442?
2110432
In base 14, what is -1 + 43a42?
43a41
In base 15, what is -8a34 + -67?
-8a9b
In base 5, what is -2314243 + 0?
-2314243
In base 3, what is -110012202110 + -1?
-110012202111
In base 5, what is -4313423 - 30?
-4314003
In base 4, what is 2 - -1310021?
1310023
In base 8, what is -24 + 31546?
31522
In base 13, what is -b5 - c4?
-1a9
In base 8, what is 37421 - 13?
37406
In base 16, what is -72a + -5e?
-788
In base 3, what is 110102 - -2020?
112122
In base 10, what is -54 + -262?
-316
In base 7, what is -44 + -4500?
-4544
In base 8, what is 17123 - -15?
17140
In base 5, what is -442033 + -102?
-442140
In base 9, what is -543 - -212?
-331
In base 3, what is -1200100112 - -1?
-1200100111
In base 16, what is c8c3 - 3?
c8c0
In base 8, what is 2 - -106262?
106264
In base 6, what is -10231 + 305?
-5522
In base 13, what is 2 - -47c5b?
47c60
In base 7, what is -45 - 6253?
-6331
In base 14, what is 0 + -5a8cb?
-5a8cb
In base 11, what is -4 - -36433?
3642a
In base 2, what is -11 + -10010100101011110?
-10010100101100001
In base 3, what is -2010200 + -12?
-2010212
In base 10, what is 2 - -67909?
67911
In base 8, what is 1133 + 20765?
22120
In base 8, what is -3361 + -1370?
-4751
In base 8, what is 354 + 431?
1005
In base 13, what is -5041a + -3?
-50420
In base 9, what is -46 - 74345?
-74402
In base 13, what is 3514 - -5?
3519
In base 13, what is -309a - 239?
-3306
In base 9, what is 5 + -30123?
-30117
In base 5, what is 414 - -12231?
13200
In base 11, what is 5 - -2143?
2148
In base 11, what is -112 - -7263?
7151
In base 2, what is 1001100011101000111 - -10?
1001100011101001001
In base 7, what is 363 - -260?
653
In base 2, what is 10 + 11010110000110111?
11010110000111001
In base 2, what is 100101000000001000 + -100?
100101000000000100
In base 11, what is -27 + -828a?
-8306
In base 3, what is -1 + 120022211?
120022210
In base 6, what is 5 + 43505010?
43505015
In base 13, what is 1 - -5567?
5568
In base 16, what is 656d3 - -4?
656d7
In base 9, what is -28242 + 0?
-28242
In base 12, what is -3b601 + -20?
-3b621
In base 4, what is -3 + 2100320?
2100311
In base 7, what is 22441 - -13?
22454
In base 9, what is 5 + 6552?
6557
In base 12, what is -263b - 121?
-2760
In base 6, what is -45 + -252455?
-252544
In base 7, what is -4 + -20036?
-20043
In base 2, what is 111100000 - -10001100?
1001101100
In base 8, what is -24 - 530?
-554
In base 15, what is -42 + 1489?
1447
In base 13, what is 990 + -8?
985
In base 15, what is -1546 + 1?
-1545
In base 7, what is -3 - 15565044?
-15565050
In base 8, what is -16 + 1312?
1274
In base 14, what is 341a4 + -6?
3419c
In base 14, what is -2 - -3cb78?
3cb76
In base 5, what is 10241232 + -3?
10241224
In base 6, what is -250404000 - 3?
-250404003
In base 12, what is -32b - 57?
-386
In base 6, what is 154010 + -24?
153542
In base 14, what is -b40 - b9?
-c19
In base 4, what is 11 + -1121003?
-1120332
In base 10, what is -242 + -207?
-449
In base 13, what is 45 - -c4?
139
In base 15, what is -bda2d + -1?
-bda2e
In base 6, what is -130 + -412231?
-412401
In base 10, what is 139 - -38?
177
In base 10, what is -14715 + 8?
-14707
In base 9, what is -20 + 2115?
2085
In base 4, what is 12032312 - -20?
12032332
In base 15, what is 130 - 2e?
101
In base 5, what is -1410133 + 4?
-1410124
In base 10, what is 45113 + -3?
45110
In base 2, what is 11011101 + 101000011001?
101011110110
In base 4, what is 3202313 + -1031?
3201222
In base 10, what is 6 - 282?
-276
In base 11, what is -5 + -310276?
-310280
In base 7, what is 6 - 134005?
-133666
In base 5, what is -4 + -4324312?
-4324321
In base 14, what is -6 + -8d4?
-8da
In base 2, what is 11001010101 + -100111?
11000101110
In base 16, what is -223 + -1c?
-23f
In base 6, what is -101 + -1013?
-1114
In base 11, what is 53666 + -4?
53662
In base 13, what is 1bc + c0?
2ac
In base 10, what is 1199 - -778?
1977
In base 12, what is -5172 - -10?
-5162
In base 11, what is 6aa - -234?
933
In base 6, what is 0 + -12203?
-12203
In base 15, what is 376a - -2?
376c
In base 14, what is 2 + -216769?
-216767
In base 5, what is 104 - -412001?
412110
In base 14, what is -294 + 26?
-26c
In base 3, what is -200 - 1102002110?
-1102010010
In base 5, what is 11021 + -12004?
-433
In base 4, what is 10222111 - 1332?
10220113
In base 15, what is -140 + -4ee1?
-5131
In base 9, what is 757 + 451?
1318
In base 15, what is -3 - -a4488?
a4485
In base 5, what is -104 + -2112?
-2221
In base 7, what is 1 + 12365?
12366
In base 3, what is 11102012 + 20?
11102102
In base 12, what is -2 - 3327?
-3329
In base 4, what is -2 + 21031?
21023
In base 15, what is -448e9 + 2?
-448e7
In base 8, what is -1164175 - -5?
-1164170
In base 9, what is -13 - 630?
-643
In base 15, what is -20095b + 2?
-200959
In base 13, what is 39 - -597?
603
In base 16, what is -2c39 - 3?
-2c3c
In base 7, what is -10 + 302524?
302514
In base 6, what is -225350 + 113?
-225233
In base 2, what is 10 + -10001011111000?
-10001011110110
In base 9, what is -83 + 3270?
3176
In base 15, what is 83 - -5?
88
In base 5, what is -1124 + -1041?
-2220
In base 16, what is -4 + 1d4b?
1d47
In base 9, what is -23435 - -44?
-23381
In base 8, what is 44 - -504?
550
In base 14, what is -1c6cc - -4?
-1c6c8
In base 9, what is -50 + 47100?
47040
In base 2, what is -11010 + -1110010011010?
-1110010110100
In base 8, what is -1314 - 10362?
-11676
In base 6, what is -133 - 2113?
-2250
In base 6, what is -4133 + -104?
-4241
In base 8, what is 2 - -